hat are the prime factors of o?
23, 107
Let t(i) = -10*i - 20. What are the prime factors of t(-39)?
2, 5, 37
Suppose 15 = -5*q, -4*q = -n + 20 + 10. Let d(f) = f**2 - 7*f + 12. Let s be d(8). Let y = s - n. List the prime factors of y.
2
What are the prime factors of ((-666)/(-8))/((-332)/(-160) - 2)?
2, 3, 5, 37
Let s(l) = -l**2 + 8*l - 4. Let b be s(7). Let z be 3 - 0*b/6. Suppose 71 = x + 2*x + 4*c, z*c + 36 = 3*x. What are the prime factors of x?
17
Let x = -190 + 412. Suppose 3*c = 4*v - 296, -3*v - 4*c + x = -2*c. What are the prime factors of v?
2, 37
Let s be 8/16*(54 - (2 - 2)). Suppose -5*o = 5*r - 595, r - 4*o + s = 171. What are the prime factors of r?
2, 31
Let c = 1644 - 1482. List the prime factors of c.
2, 3
Let v(h) = 3*h**2 + 18*h + 11. Let m be v(-8). Suppose -k - 3*u = -m, k + 20 - 77 = -u. What are the prime factors of k?
2, 7
Suppose -v + 3*t = 68, t = -2*v + 49 - 150. What are the prime factors of (-1 - v)*(-15)/(-20)?
3, 13
Suppose 4*u = -5*r + 553, 144 = 2*u - 4*r - 126. List the prime factors of u.
137
Suppose y + 37 = 4*h - 0*h, -2*h = 10. Let q be y/((-3)/1) + 1. Let j = 40 - q. What are the prime factors of j?
2, 5
Suppose 4*l = -4*l + 800. Suppose 4*h - 80 = -4*z, 3*h + z = -2*h + l. List the prime factors of h.
2, 5
Suppose -19*q + 1768 = -6*q. List the prime factors of q.
2, 17
Suppose 0 = 2*r - 3*r + 4, -5*r = 2*o - 50. List the prime factors of (-345)/(-25) - (-3)/o.
2, 7
Let l be (0 - 1)/(3/(-12)). Suppose -h - 513 = l*m - 7*m, m + 3*h = 171. List the prime factors of m.
3, 19
Suppose 0 = r + 2*r - 5*w - 1153, -3*r + 3*w + 1155 = 0. List the prime factors of r.
2, 193
Let u = 9 - 11. Let z be (u + 2)/(2/(-2)). Suppose -4*o - 2*r + 124 = z, o - r - 27 = 10. What are the prime factors of o?
3, 11
Suppose 3*j = 3*a - 6, 4*a - 7 - 1 = 2*j. Suppose p - 4*p + a*o + 54 = 0, -p + 22 = -2*o. Let t = -11 + p. What are the prime factors of t?
5
Suppose 0*r = -2*r + 298. Let b = r + -85. List the prime factors of b.
2
Let k(a) = 966*a + 440. List the prime factors of k(3).
2, 1669
Suppose 4*k - 5*j - 3 = 12, 3*j = 3*k - 9. Let h be 11*24 + k/(-2). What are the prime factors of h/9 + 1/(-3)?
29
Let x(k) be the third derivative of -39*k**4/8 + k**3/6 + 29*k**2. What are the prime factors of x(-1)?
2, 59
Suppose 0 = -4*t - 2*v + 2 + 8, 2*t = -3*v - 1. Suppose -f = -t*f + 2*x + 133, 0 = f + 4*x - 49. What are the prime factors of f?
3, 5
Let j(s) = -s**2 - 17*s - 12. Let h be j(-16). Suppose -h*l = -51 - 1. List the prime factors of l.
13
Suppose -3987 = -2*w - 3*p, -19*p = -2*w - 23*p + 3988. What are the prime factors of w?
2, 3, 83
Let j be (-1)/1 + (230/1 - -1). Let n = 530 - j. List the prime factors of n.
2, 3, 5
Let o = 138 - 53. Suppose 4 + 3 = -j + 5*x, 5*j = x + o. List the prime factors of 4/(-18) + 94/j.
5
Let b = 100 + -77. Suppose 3*z - 493 = b. What are the prime factors of z?
2, 43
Let y be 7 + 6/(-4)*2. Suppose -y = -3*s + 11. Suppose 5*k = -s*n + 50, -n = -0*k + 4*k - 52. What are the prime factors of k?
2, 7
Suppose -x + 4 = -2. Suppose 5*n = -4*r - 6, x*r + 30 = 5*n + r. What are the prime factors of 25/n*(7 + -1)?
3, 5
Let o(q) = 22 - 9 + 42*q - 8 - 3. What are the prime factors of o(2)?
2, 43
Let j(d) = -38*d - 3. Let c be j(-2). Suppose 0 = 4*n - 2*x - 90, -5*n + 5*x + 193 = c. Suppose -n = -m + 2. List the prime factors of m.
23
Let m(w) = -w**2 + 29*w + 2. Let k be m(7). Suppose 0 = 22*j - 19*j - k. What are the prime factors of j?
2, 13
Let h be 7/((-294)/(-65616)) - 2/7. Suppose 3*o + h = 14*o. What are the prime factors of o?
2, 71
Suppose -1004 = -14*l + 20570. List the prime factors of l.
23, 67
Let w(o) = -25*o - 7 + 8 - 2. List the prime factors of w(-3).
2, 37
Let a = 5 + -1. Suppose 4 = 2*z - a, -5*z + 164 = w. List the prime factors of w.
2, 3
Suppose 3*l - 1653 - 2286 = 2*w, 4*w + 2634 = 2*l. What are the prime factors of l?
3, 19, 23
Let w(q) = 7*q**2 - 9*q - 86. What are the prime factors of w(-7)?
2, 5
Let x(w) = w**3 - 2*w**2 - 6*w + 6. Let v be (-1)/(0 - (-2)/(-8)). Let b be x(v). Let h = b - 4. What are the prime factors of h?
2, 5
Let v(s) = 4*s**2 + 26*s - 37. What are the prime factors of v(11)?
733
Let r(y) = y**3 - 8*y**2 + 8. Let v be r(8). List the prime factors of 486/v + 17/4 + -4.
61
Let u be -2 - 1*(2 - -1). Let f(j) = j + 31. Let y be f(6). Let z = y - u. What are the prime factors of z?
2, 3, 7
Let k(w) = w**3 - 7*w**2 - 22*w - 20. What are the prime factors of k(10)?
2, 3, 5
Let f(h) = 2*h + 1. Let l(s) = s - 1. Let p(v) = -f(v) + 3*l(v). Let q be p(7). Suppose q*y - i = 65, -4*y + i = -i - 88. What are the prime factors of y?
3, 7
Let k(a) = a**3 + 33*a**2 + 44*a + 1. List the prime factors of k(-25).
47, 83
Let d be -152 + 0*(-1 - 0). Let k = -62 - d. List the prime factors of k.
2, 3, 5
Let x(b) = -27*b + 34. What are the prime factors of x(-3)?
5, 23
Let s(u) = -u - 1. Let b(h) = 10 - 6*h - 5*h + 13*h. Let m(i) = -b(i) - s(i). List the prime factors of m(-12).
3
Suppose 2 = m - 3. Suppose 51*d - 24*d - 675 = 0. Suppose -d*s = -24*s - m. List the prime factors of s.
5
Let h = 77 + -61. Let t = h + 54. What are the prime factors of t?
2, 5, 7
Let k(d) = -d**2 - 12*d + 2. Let t be k(-12). Suppose t*r + 3*w = 67, 5*r + 4*w + w = 165. What are the prime factors of r?
2
Let k = -23 + 27. Suppose k*b = l - 22, -52 + 21 = -4*l - 3*b. Suppose -l = -2*y - 0. List the prime factors of y.
5
Let f be 2 - (-5 + (3 - 0)). Suppose -12 = -0*j - 4*j, j = f*i - 25. What are the prime factors of i?
7
Suppose -4*h + h = -6. Suppose -5*c - h*q + 145 = 0, -3*c - 4*q - q = -106. What are the prime factors of c?
3
Suppose 9 = 6*v + 15. What are the prime factors of 3/v + (54 - (4 + -2))?
7
Let n be -2*(2 - -2 - 18). Let r be -1 + 25 + n/(-14). Suppose 5*q - 92 + r = 0. What are the prime factors of q?
2, 7
Let x be 1/(-12)*-4*33. List the prime factors of (-482)/(-8) - (x/(-4) - -3).
2, 3, 5
Let q = -328 - -232. Let d = -23 - q. List the prime factors of d.
73
Let k = 4957 - 3303. List the prime factors of k.
2, 827
Suppose 0 = 5*n + 5, 3*l + 6*n - 1132 = n. What are the prime factors of l?
379
Let h be (-174)/18 + 2/(-6). List the prime factors of 0 + (587/5 - 6/h).
2, 59
Let d be (-8)/(-10)*115/46. Suppose d*l - 110 - 62 = 0. List the prime factors of l.
2, 43
Let q(s) = -s**3 - s**2 - s - 4. Let c be q(-4). Let n(k) = -k**3 + 19*k**2 + 42*k + 4. Let u be n(21). List the prime factors of c/u + 1 + -5.
2
Let x = -18 - -18. Suppose -5*q - 7 = 4*l, 2*q - 7*q + 5*l + 20 = x. Suppose 0 = h - 2*f - 42, q = f + 3. List the prime factors of h.
2, 19
Let p(z) be the third derivative of -z**5/60 - 7*z**4/24 + 7*z**3/6 - z**2. Let k(n) = 6*n + 144. Let j be k(-25). List the prime factors of p(j).
13
Let p(h) = h - 2. Let r be p(4). Suppose 24 - 170 = -r*k. Let g = k + -39. What are the prime factors of g?
2, 17
Suppose 20*y - 21338 - 14862 = 0. What are the prime factors of y?
2, 5, 181
Let y(g) = 22*g. Let k(l) = -22*l - 1. Let x(c) = 6*k(c) + 5*y(c). What are the prime factors of x(-4)?
2, 41
What are the prime factors of (-30)/(-5) + -3127*(-4)/4?
13, 241
Let q = 442 - 288. Let x = q - 90. What are the prime factors of x?
2
Let m(u) = u**2 - u - 65. List the prime factors of m(24).
487
Let q(x) = -x**3 - x**2 + x + 1. Let n be q(-2). Suppose 0*o - 46 = -4*o + u, -5*u + 46 = n*o. What are the prime factors of o?
2, 3
Let f be 421 + (0 + 2 - -1). Suppose 32 - f = -4*y. List the prime factors of y.
2, 7
Let x be (80/(-25))/(2/(-5)). Suppose 0 = -o - 5 + x. Let s(m) = 4*m + 1. What are the prime factors of s(o)?
13
Let p(r) = 4*r**3 - 37*r**2 - 65. Let o(k) = -3*k**3 + 25*k**2 + 43. Let t(y) = 7*o(y) + 5*p(y). List the prime factors of t(-11).
97
Suppose -4*j = j. Let f(i) be the first derivative of -i**4/4 + i**3/3 - i**2/2 + 22*i + 3. List the prime factors of f(j).
2, 11
Let t(q) = -2 - 3*q + 4 + q**2 + 8*q**2 - 6 + q**3. What are the prime factors of t(-9)?
23
Let d(z) = 20*z + 4. Let l be d(1). Suppose 0*r + 3*r = c + 72, r - l = -2*c. What are the prime factors of r?
2, 3
Let d = 1321 + -433. What are the prime factors of d?
2, 3, 37
Suppose -2*q = 4 + 4. Let f be 2 + (-3 - 277)/q. Suppose -5*z - 2*x + 115 = -53, -2*z = -4*x - f. List the prime factors of z.
2, 17
Suppose 5*v + 2*j = 2362